{"id":6397,"date":"2015-12-28T20:04:19","date_gmt":"2015-12-28T20:04:19","guid":{"rendered":"http:\/\/export-xml.qreativethemes.com\/physio\/?page_id=6397"},"modified":"2018-09-10T19:33:07","modified_gmt":"2018-09-10T19:33:07","slug":"clinical-pilates","status":"publish","type":"page","link":"https:\/\/ifyzio.sk\/?page_id=6397","title":{"rendered":"Fyzio pilates"},"content":{"rendered":"<div id=\"pl-6397\"  class=\"panel-layout\" ><div id=\"pg-6397-0\"  class=\"panel-grid panel-no-style\" ><div id=\"pgc-6397-0-0\"  class=\"panel-grid-cell\" ><div id=\"panel-6397-0-0-0\" class=\"so-panel widget widget_sow-editor panel-first-child panel-last-child\" data-index=\"0\" ><div class=\"so-widget-sow-editor so-widget-sow-editor-base\">\n<div class=\"siteorigin-widget-tinymce textwidget\">\n\t<p><strong><a href=\"http:\/\/ifyzio.sk\/wp-content\/uploads\/2018\/09\/physio_14.jpg\"><img loading=\"lazy\" class=\"alignnone wp-image-7481 size-full\" src=\"http:\/\/ifyzio.sk\/wp-content\/uploads\/2018\/09\/physio_14.jpg\" alt=\"\" width=\"850\" height=\"567\" \/><\/a><\/strong><br \/>\n<strong><a href=\"http:\/\/ifyzio.sk\/wp-content\/uploads\/2018\/09\/physio_13.jpg\"><img loading=\"lazy\" class=\"alignnone wp-image-7481 size-full\" src=\"http:\/\/ifyzio.sk\/wp-content\/uploads\/2018\/09\/physio_13.jpg\" alt=\"\" width=\"850\" height=\"567\" \/><\/a><\/strong><\/p>\n<\/div>\n<\/div><\/div><\/div><div id=\"pgc-6397-0-1\"  class=\"panel-grid-cell\" ><div id=\"panel-6397-0-1-0\" class=\"so-panel widget widget_sow-editor panel-first-child panel-last-child\" data-index=\"1\" ><div class=\"so-widget-sow-editor so-widget-sow-editor-base\">\n<div class=\"siteorigin-widget-tinymce textwidget\">\n\t<p><span style=\"color: #56afd5; font-size: 15px;\"><strong>Fyzio pilates<br \/>\n<\/strong><\/span><\/p>\n<p>Terapeuticky efekt\u00edvna met\u00f3da,je kombin\u00e1ciou rehabilita\u010dn\u00fdch princ\u00edpov a pilatesovej met\u00f3dy,zostaven\u00e1 fyzioterapeutom priamo na lie\u010dbu konkr\u00e9tneho zdravotn\u00e9ho probl\u00e9mu.<\/p>\n<p>Vyu\u017e\u00edva po\u010detn\u00e9 mno\u017estvo modifik\u00e1ci\u00ed jednotlivych pilatesov\u00fdch cvikov,kladie d\u00f4raz na spr\u00e1vne nastavenie tela pri cvi\u010den\u00ed, d\u00fdchanie a aktiv\u00e1ciu hlbok\u00e9ho stabiliza\u010dn\u00e9ho syst\u00e9mu.<\/p>\n<p>Vyu\u017eitie pri vertebrog\u00e9nnych ochoreniach, po\u0161koden\u00ed medzistavcov\u00fdch platni\u010diek, myofasci\u00e1lnych syndr\u00f3moch.<\/p>\n<\/div>\n<\/div><\/div><\/div><\/div><\/div>","protected":false},"excerpt":{"rendered":"<p>Terapeuticky efekt\u00edvna met\u00f3da,je kombin\u00e1ciou rehabilita\u010dn\u00fdch princ\u00edpov a pilatesovej met\u00f3dy,zostaven\u00e1 fyzioterapeutom priamo na lie\u010dbu konkr\u00e9tneho zdravotn\u00e9ho probl\u00e9mu.<\/p>\n","protected":false},"author":1,"featured_media":7679,"parent":110,"menu_order":0,"comment_status":"closed","ping_status":"closed","template":"","meta":[],"yoast_head":"<!-- This site is optimized with the Yoast SEO plugin v15.9 - https:\/\/yoast.com\/wordpress\/plugins\/seo\/ -->\n<title>Fyzio pilates - iFyzio - Mgr. Ivana Tankovi\u010dov\u00e1, fyzioterapeut, Bratislava - Ru\u017einov<\/title>\n<meta name=\"robots\" content=\"index, follow, max-snippet:-1, max-image-preview:large, max-video-preview:-1\" \/>\n<link rel=\"canonical\" href=\"https:\/\/ifyzio.sk\/?page_id=6397\" \/>\n<meta property=\"og:locale\" content=\"sk_SK\" \/>\n<meta property=\"og:type\" content=\"article\" \/>\n<meta property=\"og:title\" content=\"Fyzio pilates - iFyzio - Mgr. Ivana Tankovi\u010dov\u00e1, fyzioterapeut, Bratislava - Ru\u017einov\" \/>\n<meta property=\"og:description\" content=\"Terapeuticky efekt\u00edvna met\u00f3da,je kombin\u00e1ciou rehabilita\u010dn\u00fdch princ\u00edpov a pilatesovej met\u00f3dy,zostaven\u00e1 fyzioterapeutom priamo na lie\u010dbu konkr\u00e9tneho zdravotn\u00e9ho probl\u00e9mu.\" \/>\n<meta property=\"og:url\" content=\"https:\/\/ifyzio.sk\/?page_id=6397\" \/>\n<meta property=\"og:site_name\" content=\"iFyzio - Mgr. Ivana Tankovi\u010dov\u00e1, fyzioterapeut, Bratislava - Ru\u017einov\" \/>\n<meta property=\"article:modified_time\" content=\"2018-09-10T19:33:07+00:00\" \/>\n<meta property=\"og:image\" content=\"https:\/\/ifyzio.sk\/wp-content\/uploads\/2018\/09\/physio_14.jpg\" \/>\n\t<meta property=\"og:image:width\" content=\"850\" \/>\n\t<meta property=\"og:image:height\" content=\"567\" \/>\n<meta name=\"twitter:card\" content=\"summary_large_image\" \/>\n<script type=\"application\/ld+json\" class=\"yoast-schema-graph\">{\"@context\":\"https:\/\/schema.org\",\"@graph\":[{\"@type\":\"WebSite\",\"@id\":\"https:\/\/ifyzio.sk\/#website\",\"url\":\"https:\/\/ifyzio.sk\/\",\"name\":\"iFyzio - Fyzio Pilates Reformer Blackroll Bratislava Ru\\u017einov\",\"description\":\"Rehabilita\\u010dn\\u00e9 centrum iFyzio - ne\\u0161t\\u00e1tne zdravotn\\u00edcke zariadenie\",\"potentialAction\":[{\"@type\":\"SearchAction\",\"target\":\"https:\/\/ifyzio.sk\/?s={search_term_string}\",\"query-input\":\"required name=search_term_string\"}],\"inLanguage\":\"sk-SK\"},{\"@type\":\"ImageObject\",\"@id\":\"https:\/\/ifyzio.sk\/?page_id=6397#primaryimage\",\"inLanguage\":\"sk-SK\",\"url\":\"https:\/\/ifyzio.sk\/wp-content\/uploads\/2018\/09\/physio_14.jpg\",\"width\":850,\"height\":567},{\"@type\":\"WebPage\",\"@id\":\"https:\/\/ifyzio.sk\/?page_id=6397#webpage\",\"url\":\"https:\/\/ifyzio.sk\/?page_id=6397\",\"name\":\"Fyzio pilates - iFyzio - Mgr. Ivana Tankovi\\u010dov\\u00e1, fyzioterapeut, Bratislava - Ru\\u017einov\",\"isPartOf\":{\"@id\":\"https:\/\/ifyzio.sk\/#website\"},\"primaryImageOfPage\":{\"@id\":\"https:\/\/ifyzio.sk\/?page_id=6397#primaryimage\"},\"datePublished\":\"2015-12-28T20:04:19+00:00\",\"dateModified\":\"2018-09-10T19:33:07+00:00\",\"breadcrumb\":{\"@id\":\"https:\/\/ifyzio.sk\/?page_id=6397#breadcrumb\"},\"inLanguage\":\"sk-SK\",\"potentialAction\":[{\"@type\":\"ReadAction\",\"target\":[\"https:\/\/ifyzio.sk\/?page_id=6397\"]}]},{\"@type\":\"BreadcrumbList\",\"@id\":\"https:\/\/ifyzio.sk\/?page_id=6397#breadcrumb\",\"itemListElement\":[{\"@type\":\"ListItem\",\"position\":1,\"item\":{\"@type\":\"WebPage\",\"@id\":\"https:\/\/ifyzio.sk\/\",\"url\":\"https:\/\/ifyzio.sk\/\",\"name\":\"Home\"}},{\"@type\":\"ListItem\",\"position\":2,\"item\":{\"@type\":\"WebPage\",\"@id\":\"https:\/\/ifyzio.sk\/?page_id=110\",\"url\":\"https:\/\/ifyzio.sk\/?page_id=110\",\"name\":\"Slu\\u017eby\"}},{\"@type\":\"ListItem\",\"position\":3,\"item\":{\"@type\":\"WebPage\",\"@id\":\"https:\/\/ifyzio.sk\/?page_id=6397\",\"url\":\"https:\/\/ifyzio.sk\/?page_id=6397\",\"name\":\"Fyzio pilates\"}}]}]}<\/script>\n<!-- \/ Yoast SEO plugin. -->","_links":{"self":[{"href":"https:\/\/ifyzio.sk\/index.php?rest_route=\/wp\/v2\/pages\/6397"}],"collection":[{"href":"https:\/\/ifyzio.sk\/index.php?rest_route=\/wp\/v2\/pages"}],"about":[{"href":"https:\/\/ifyzio.sk\/index.php?rest_route=\/wp\/v2\/types\/page"}],"author":[{"embeddable":true,"href":"https:\/\/ifyzio.sk\/index.php?rest_route=\/wp\/v2\/users\/1"}],"replies":[{"embeddable":true,"href":"https:\/\/ifyzio.sk\/index.php?rest_route=%2Fwp%2Fv2%2Fcomments&post=6397"}],"version-history":[{"count":10,"href":"https:\/\/ifyzio.sk\/index.php?rest_route=\/wp\/v2\/pages\/6397\/revisions"}],"predecessor-version":[{"id":7677,"href":"https:\/\/ifyzio.sk\/index.php?rest_route=\/wp\/v2\/pages\/6397\/revisions\/7677"}],"up":[{"embeddable":true,"href":"https:\/\/ifyzio.sk\/index.php?rest_route=\/wp\/v2\/pages\/110"}],"wp:featuredmedia":[{"embeddable":true,"href":"https:\/\/ifyzio.sk\/index.php?rest_route=\/wp\/v2\/media\/7679"}],"wp:attachment":[{"href":"https:\/\/ifyzio.sk\/index.php?rest_route=%2Fwp%2Fv2%2Fmedia&parent=6397"}],"curies":[{"name":"wp","href":"https:\/\/api.w.org\/{rel}","templated":true}]}}