{"id":6263,"date":"2015-12-21T19:42:19","date_gmt":"2015-12-21T19:42:19","guid":{"rendered":"http:\/\/export-xml.qreativethemes.com\/physio\/?page_id=6263"},"modified":"2018-10-04T07:53:57","modified_gmt":"2018-10-04T07:53:57","slug":"massage-therapy","status":"publish","type":"page","link":"https:\/\/ifyzio.sk\/?page_id=6263","title":{"rendered":"SM syst\u00e9m"},"content":{"rendered":"<div id=\"pl-6263\"  class=\"panel-layout\" ><div id=\"pg-6263-0\"  class=\"panel-grid panel-no-style\" ><div id=\"pgc-6263-0-0\"  class=\"panel-grid-cell\" ><div id=\"panel-6263-0-0-0\" class=\"so-panel widget widget_sow-editor panel-first-child panel-last-child\" data-index=\"0\" ><div class=\"so-widget-sow-editor so-widget-sow-editor-base\">\n<div class=\"siteorigin-widget-tinymce textwidget\">\n\t<p><span style=\"font-size: 16px;\">SM syst\u00e9m - cvi\u010debn\u00e1 met\u00f3da vhodn\u00e1 pri vertebrog\u00e9nnych probl\u00e9moch, chybnom dr\u017ean\u00ed tela, skoli\u00f3zach, herni\u00e1ch disku, stuhnutej \u0161iji a probl\u00e9moch v oblasti lopatiek.<\/span><\/p>\n<hr \/>\n<\/div>\n<\/div><\/div><\/div><\/div><div id=\"pg-6263-1\"  class=\"panel-grid panel-no-style\" ><div id=\"pgc-6263-1-0\"  class=\"panel-grid-cell\" ><div id=\"panel-6263-1-0-0\" class=\"so-panel widget widget_sow-editor panel-first-child panel-last-child\" data-index=\"1\" ><div class=\"so-widget-sow-editor so-widget-sow-editor-base\">\n<div class=\"siteorigin-widget-tinymce textwidget\">\n\t<p><strong><a href=\"http:\/\/ifyzio.sk\/wp-content\/uploads\/2018\/09\/SM1.jpg\"><img loading=\"lazy\" class=\"alignnone wp-image-7481 size-full\" src=\"http:\/\/ifyzio.sk\/wp-content\/uploads\/2018\/09\/SM1.jpg\" alt=\"\" width=\"850\" height=\"567\" \/><\/a><\/strong><\/p>\n<\/div>\n<\/div><\/div><\/div><div id=\"pgc-6263-1-1\"  class=\"panel-grid-cell\" ><div id=\"panel-6263-1-1-0\" class=\"so-panel widget widget_sow-editor panel-first-child panel-last-child\" data-index=\"2\" ><div class=\"so-widget-sow-editor so-widget-sow-editor-base\">\n<div class=\"siteorigin-widget-tinymce textwidget\">\n\t<p><strong><a href=\"http:\/\/ifyzio.sk\/wp-content\/uploads\/2018\/09\/SM2.jpg\"><img loading=\"lazy\" class=\"alignnone wp-image-7481 size-full\" src=\"http:\/\/ifyzio.sk\/wp-content\/uploads\/2018\/09\/SM2.jpg\" alt=\"\" width=\"850\" height=\"567\" \/><img class=\"alignnone size-full wp-image-7781\" <\/a\/><\/a><\/strong><\/p>\n<\/div>\n<\/div><\/div><\/div><\/div><div id=\"pg-6263-2\"  class=\"panel-grid panel-no-style\" ><div id=\"pgc-6263-2-0\"  class=\"panel-grid-cell\" ><div id=\"panel-6263-2-0-0\" class=\"so-panel widget widget_sow-editor panel-first-child panel-last-child\" data-index=\"3\" ><div class=\"so-widget-sow-editor so-widget-sow-editor-base\">\n<div class=\"siteorigin-widget-tinymce textwidget\">\n\t<p><strong><span style=\"color: #56afd5; font-size: 15px;\">Ako to funguje?<\/span><\/strong><\/p>\n<p>SM Syst\u00e9m pracuje s anatomicky definovan\u00fdmi \u0161pir\u00e1lov\u00fdmi svalov\u00fdmi re\u0165azcami. Svalov\u00fd re\u0165azec je s\u00fabor svalov, ktor\u00fdch s\u00fahra po\u010das pohybu zais\u0165uje stabilitu tela a t\u00fdm spr\u00e1vne vykonanie pohybu. Funkciu t\u00fdchto svalov\u00fdch re\u0165azcov definuje \u0161pir\u00e1lov\u00e1 stabiliz\u00e1cia - jedn\u00e1 sa o svaly, ktor\u00fdch s\u00fahra po\u010das pohybu zais\u0165uje stabilitu tela a t\u00fdm spr\u00e1vne vykonanie pohybu.<\/p>\n<\/div>\n<\/div><\/div><\/div><div id=\"pgc-6263-2-1\"  class=\"panel-grid-cell\" ><div id=\"panel-6263-2-1-0\" class=\"so-panel widget widget_sow-editor panel-first-child panel-last-child\" data-index=\"4\" ><div class=\"so-widget-sow-editor so-widget-sow-editor-base\">\n<div class=\"siteorigin-widget-tinymce textwidget\">\n\t<p><strong><span style=\"color: #56afd5; font-size: 15px;\">Hlavn\u00fd efekt met\u00f3dy<\/span><\/strong><\/p>\n<p>Hlavn\u00fd efekt met\u00f3dy je vyvolanie trak\u010dnej (na\u0165ahovacej) sily v oblasti medzistavcov\u00fdch platni\u010diek. V\u010faka tomu sa tlak vyv\u00edjan\u00fd na platni\u010dku zn\u00ed\u017ei a platni\u010dka m\u00f4\u017ee lep\u0161ie vykon\u00e1va\u0165 svoju funkciu. Efekt dosahujeme aktiv\u00e1ciou \u0161pir\u00e1lov\u00fdch svalov\u00fdch re\u0165azcov, ktor\u00e9 zu\u017euj\u00fa obvod p\u00e1sa a \u0165ahaj\u00fa telo smerom nahor. T\u00fdmto sp\u00f4sobom je chrbtica pri pohybe akt\u00edvne stabilizovan\u00e1.<\/p>\n<\/div>\n<\/div><\/div><\/div><\/div><\/div>","protected":false},"excerpt":{"rendered":"<p>SM syst\u00e9m &#8211; cvi\u010debn\u00e1 met\u00f3da vhodn\u00e1 pri vertebrog\u00e9nnych probl\u00e9moch, chybnom dr\u017ean\u00ed tela, skoli\u00f3zach, herni\u00e1ch disku, stuhnutej \u0161iji a probl\u00e9moch v oblasti lopatiek.<\/p>\n","protected":false},"author":1,"featured_media":7779,"parent":110,"menu_order":0,"comment_status":"closed","ping_status":"closed","template":"","meta":[],"yoast_head":"<!-- This site is optimized with the Yoast SEO plugin v15.9 - https:\/\/yoast.com\/wordpress\/plugins\/seo\/ -->\n<title>SM syst\u00e9m - iFyzio - Mgr. Ivana Tankovi\u010dov\u00e1, fyzioterapeut, Bratislava - Ru\u017einov<\/title>\n<meta name=\"robots\" content=\"index, follow, max-snippet:-1, max-image-preview:large, max-video-preview:-1\" \/>\n<link rel=\"canonical\" href=\"https:\/\/ifyzio.sk\/?page_id=6263\" \/>\n<meta property=\"og:locale\" content=\"sk_SK\" \/>\n<meta property=\"og:type\" content=\"article\" \/>\n<meta property=\"og:title\" content=\"SM syst\u00e9m - iFyzio - Mgr. Ivana Tankovi\u010dov\u00e1, fyzioterapeut, Bratislava - Ru\u017einov\" \/>\n<meta property=\"og:description\" content=\"SM syst\u00e9m - cvi\u010debn\u00e1 met\u00f3da vhodn\u00e1 pri vertebrog\u00e9nnych probl\u00e9moch, chybnom dr\u017ean\u00ed tela, skoli\u00f3zach, herni\u00e1ch disku, stuhnutej \u0161iji a probl\u00e9moch v oblasti lopatiek.\" \/>\n<meta property=\"og:url\" content=\"https:\/\/ifyzio.sk\/?page_id=6263\" \/>\n<meta property=\"og:site_name\" content=\"iFyzio - Mgr. Ivana Tankovi\u010dov\u00e1, fyzioterapeut, Bratislava - Ru\u017einov\" \/>\n<meta property=\"article:modified_time\" content=\"2018-10-04T07:53:57+00:00\" \/>\n<meta property=\"og:image\" content=\"https:\/\/ifyzio.sk\/wp-content\/uploads\/2018\/09\/SM1.jpg\" \/>\n\t<meta property=\"og:image:width\" content=\"850\" \/>\n\t<meta property=\"og:image:height\" content=\"566\" \/>\n<meta name=\"twitter:card\" content=\"summary_large_image\" \/>\n<script type=\"application\/ld+json\" class=\"yoast-schema-graph\">{\"@context\":\"https:\/\/schema.org\",\"@graph\":[{\"@type\":\"WebSite\",\"@id\":\"https:\/\/ifyzio.sk\/#website\",\"url\":\"https:\/\/ifyzio.sk\/\",\"name\":\"iFyzio - Fyzio Pilates Reformer Blackroll Bratislava Ru\\u017einov\",\"description\":\"Rehabilita\\u010dn\\u00e9 centrum iFyzio - ne\\u0161t\\u00e1tne zdravotn\\u00edcke zariadenie\",\"potentialAction\":[{\"@type\":\"SearchAction\",\"target\":\"https:\/\/ifyzio.sk\/?s={search_term_string}\",\"query-input\":\"required name=search_term_string\"}],\"inLanguage\":\"sk-SK\"},{\"@type\":\"ImageObject\",\"@id\":\"https:\/\/ifyzio.sk\/?page_id=6263#primaryimage\",\"inLanguage\":\"sk-SK\",\"url\":\"https:\/\/ifyzio.sk\/wp-content\/uploads\/2018\/09\/SM1.jpg\",\"width\":850,\"height\":566},{\"@type\":\"WebPage\",\"@id\":\"https:\/\/ifyzio.sk\/?page_id=6263#webpage\",\"url\":\"https:\/\/ifyzio.sk\/?page_id=6263\",\"name\":\"SM syst\\u00e9m - iFyzio - Mgr. Ivana Tankovi\\u010dov\\u00e1, fyzioterapeut, Bratislava - Ru\\u017einov\",\"isPartOf\":{\"@id\":\"https:\/\/ifyzio.sk\/#website\"},\"primaryImageOfPage\":{\"@id\":\"https:\/\/ifyzio.sk\/?page_id=6263#primaryimage\"},\"datePublished\":\"2015-12-21T19:42:19+00:00\",\"dateModified\":\"2018-10-04T07:53:57+00:00\",\"breadcrumb\":{\"@id\":\"https:\/\/ifyzio.sk\/?page_id=6263#breadcrumb\"},\"inLanguage\":\"sk-SK\",\"potentialAction\":[{\"@type\":\"ReadAction\",\"target\":[\"https:\/\/ifyzio.sk\/?page_id=6263\"]}]},{\"@type\":\"BreadcrumbList\",\"@id\":\"https:\/\/ifyzio.sk\/?page_id=6263#breadcrumb\",\"itemListElement\":[{\"@type\":\"ListItem\",\"position\":1,\"item\":{\"@type\":\"WebPage\",\"@id\":\"https:\/\/ifyzio.sk\/\",\"url\":\"https:\/\/ifyzio.sk\/\",\"name\":\"Home\"}},{\"@type\":\"ListItem\",\"position\":2,\"item\":{\"@type\":\"WebPage\",\"@id\":\"https:\/\/ifyzio.sk\/?page_id=110\",\"url\":\"https:\/\/ifyzio.sk\/?page_id=110\",\"name\":\"Slu\\u017eby\"}},{\"@type\":\"ListItem\",\"position\":3,\"item\":{\"@type\":\"WebPage\",\"@id\":\"https:\/\/ifyzio.sk\/?page_id=6263\",\"url\":\"https:\/\/ifyzio.sk\/?page_id=6263\",\"name\":\"SM syst\\u00e9m\"}}]}]}<\/script>\n<!-- \/ Yoast SEO plugin. -->","_links":{"self":[{"href":"https:\/\/ifyzio.sk\/index.php?rest_route=\/wp\/v2\/pages\/6263"}],"collection":[{"href":"https:\/\/ifyzio.sk\/index.php?rest_route=\/wp\/v2\/pages"}],"about":[{"href":"https:\/\/ifyzio.sk\/index.php?rest_route=\/wp\/v2\/types\/page"}],"author":[{"embeddable":true,"href":"https:\/\/ifyzio.sk\/index.php?rest_route=\/wp\/v2\/users\/1"}],"replies":[{"embeddable":true,"href":"https:\/\/ifyzio.sk\/index.php?rest_route=%2Fwp%2Fv2%2Fcomments&post=6263"}],"version-history":[{"count":9,"href":"https:\/\/ifyzio.sk\/index.php?rest_route=\/wp\/v2\/pages\/6263\/revisions"}],"predecessor-version":[{"id":7803,"href":"https:\/\/ifyzio.sk\/index.php?rest_route=\/wp\/v2\/pages\/6263\/revisions\/7803"}],"up":[{"embeddable":true,"href":"https:\/\/ifyzio.sk\/index.php?rest_route=\/wp\/v2\/pages\/110"}],"wp:featuredmedia":[{"embeddable":true,"href":"https:\/\/ifyzio.sk\/index.php?rest_route=\/wp\/v2\/media\/7779"}],"wp:attachment":[{"href":"https:\/\/ifyzio.sk\/index.php?rest_route=%2Fwp%2Fv2%2Fmedia&parent=6263"}],"curies":[{"name":"wp","href":"https:\/\/api.w.org\/{rel}","templated":true}]}}